{"id":410,"date":"2017-01-12T16:03:01","date_gmt":"2017-01-12T15:03:01","guid":{"rendered":"http:\/\/smiden.fr\/site\/?page_id=410"},"modified":"2020-01-17T17:02:45","modified_gmt":"2020-01-17T16:02:45","slug":"internet","status":"publish","type":"page","link":"https:\/\/www.smiden.fr\/site\/index.php\/animations\/internet\/","title":{"rendered":"Internet"},"content":{"rendered":"<header class=\"entry-header\">\n<p class=\"entry-title\" style=\"text-align: justify;\">L&rsquo;\u00e9quipe d&rsquo;animation multim\u00e9dia vous propose d&rsquo;acqu\u00e9rir les connaissances de base n\u00e9cessaires \u00e0 la pratique et \u00e0 la ma\u00eetrise d&rsquo;internet en suivant les ateliers en groupe suivis d&rsquo;un accompagnement personnalis\u00e9 sous la forme de plusieurs <a href=\"https:\/\/www.smiden.fr\/site\/index.php\/tarifs\/\" target=\"_blank\" rel=\"noopener noreferrer\">rendez-vous individuels<\/a>.<\/p>\n<p class=\"entry-title\" style=\"text-align: justify;\">Aujourd&rsquo;hui incontournable, <span style=\"color: #ff9900;\"><a style=\"color: #ff9900;\" href=\"https:\/\/fr.wikipedia.org\/wiki\/Internet\" target=\"_blank\" rel=\"noopener noreferrer\">Internet<\/a><\/span>\u00a0a pris une place de plus en plus importante dans notre existence (priv\u00e9e comme professionnelle).<br \/>\nA l&rsquo;\u00e9chelle mondiale, ce r\u00e9seau des r\u00e9seaux, est \u00e0 la fois un outil d&rsquo;informations, d&rsquo;apprentissage, d&rsquo;\u00e9changes et de communication.<\/p>\n<blockquote><p><em><span style=\"color: #ff9900;\"><strong>&gt; Utiliser internet en toute s\u00e9curit\u00e9<br \/>\n<\/strong><\/span><\/em><span style=\"color: #ff9900;\"><strong><em>&gt; G\u00e9rer une messagerie \u00e9lectronique<\/em><br \/>\n<\/strong><\/span><\/p><\/blockquote>\n<p>Prenez rendez-vous d\u00e8s maintenant via notre\u00a0<a href=\"https:\/\/www.smiden.fr\/site\/index.php\/contactez-nous\/\" target=\"_blank\" rel=\"noopener noreferrer\">formulaire<\/a>.<\/p>\n<\/header>\n","protected":false},"excerpt":{"rendered":"<p>L&rsquo;\u00e9quipe d&rsquo;animation multim\u00e9dia vous propose d&rsquo;acqu\u00e9rir les connaissances de base n\u00e9cessaires \u00e0 la pratique et \u00e0 la ma\u00eetrise d&rsquo;internet en suivant les ateliers en groupe suivis d&rsquo;un accompagnement personnalis\u00e9 sous la forme de plusieurs rendez-vous individuels. Aujourd&rsquo;hui incontournable, Internet\u00a0a pris une place de plus en plus importante dans notre existence [&hellip;]<\/p>\n","protected":false},"author":1,"featured_media":0,"parent":666,"menu_order":0,"comment_status":"closed","ping_status":"closed","template":"templates\/template-full.php","meta":{"_uag_custom_page_level_css":"","footnotes":""},"class_list":["post-410","page","type-page","status-publish","hentry","post"],"uagb_featured_image_src":{"full":false,"thumbnail":false,"medium":false,"medium_large":false,"large":false,"1536x1536":false,"2048x2048":false,"post-thumbnail":false,"vantage-thumbnail-no-sidebar":false,"vantage-slide":false,"vantage-carousel":false,"vantage-grid-loop":false,"mailpoet_newsletter_max":false,"sow-carousel-default":false},"uagb_author_info":{"display_name":"avallienne","author_link":"https:\/\/www.smiden.fr\/site\/index.php\/author\/avallienne\/"},"uagb_comment_info":0,"uagb_excerpt":"L&rsquo;\u00e9quipe d&rsquo;animation multim\u00e9dia vous propose d&rsquo;acqu\u00e9rir les connaissances de base n\u00e9cessaires \u00e0 la pratique et \u00e0 la ma\u00eetrise d&rsquo;internet en suivant les ateliers en groupe suivis d&rsquo;un accompagnement personnalis\u00e9 sous la forme de plusieurs rendez-vous individuels. Aujourd&rsquo;hui incontournable, Internet\u00a0a pris une place de plus en plus importante dans notre existence [&hellip;]","_links":{"self":[{"href":"https:\/\/www.smiden.fr\/site\/index.php\/wp-json\/wp\/v2\/pages\/410","targetHints":{"allow":["GET"]}}],"collection":[{"href":"https:\/\/www.smiden.fr\/site\/index.php\/wp-json\/wp\/v2\/pages"}],"about":[{"href":"https:\/\/www.smiden.fr\/site\/index.php\/wp-json\/wp\/v2\/types\/page"}],"author":[{"embeddable":true,"href":"https:\/\/www.smiden.fr\/site\/index.php\/wp-json\/wp\/v2\/users\/1"}],"replies":[{"embeddable":true,"href":"https:\/\/www.smiden.fr\/site\/index.php\/wp-json\/wp\/v2\/comments?post=410"}],"version-history":[{"count":34,"href":"https:\/\/www.smiden.fr\/site\/index.php\/wp-json\/wp\/v2\/pages\/410\/revisions"}],"predecessor-version":[{"id":2992,"href":"https:\/\/www.smiden.fr\/site\/index.php\/wp-json\/wp\/v2\/pages\/410\/revisions\/2992"}],"up":[{"embeddable":true,"href":"https:\/\/www.smiden.fr\/site\/index.php\/wp-json\/wp\/v2\/pages\/666"}],"wp:attachment":[{"href":"https:\/\/www.smiden.fr\/site\/index.php\/wp-json\/wp\/v2\/media?parent=410"}],"curies":[{"name":"wp","href":"https:\/\/api.w.org\/{rel}","templated":true}]}}