{"id":2474,"date":"2019-02-01T13:57:33","date_gmt":"2019-02-01T12:57:33","guid":{"rendered":"http:\/\/www.smiden.fr\/site\/?page_id=2474"},"modified":"2025-08-18T16:58:18","modified_gmt":"2025-08-18T14:58:18","slug":"retouche-photo","status":"publish","type":"page","link":"https:\/\/www.smiden.fr\/site\/index.php\/animations\/retouche-photo\/","title":{"rendered":"Canva"},"content":{"rendered":"<p><img decoding=\"async\" class=\"wp-image-4378 alignleft\" src=\"https:\/\/www.smiden.fr\/site\/wp-content\/uploads\/2023\/04\/canva-e1753779202482.jpg\" alt=\"\" width=\"78\" height=\"86\" srcset=\"https:\/\/www.smiden.fr\/site\/wp-content\/uploads\/2023\/04\/canva-e1753779202482.jpg 692w, https:\/\/www.smiden.fr\/site\/wp-content\/uploads\/2023\/04\/canva-e1753779202482-273x300.jpg 273w\" sizes=\"(max-width: 78px) 100vw, 78px\" \/><\/p>\n<p class=\"p1\">Ces ateliers sont destin\u00e9s \u00e0 vous faire d\u00e9couvrir les astuces de l\u2019outil <span id=\"OBJ_PREFIX_DWT3037_com_zimbra_url\" class=\"Object\" role=\"link\"><a href=\"https:\/\/www.canva.com\/fr_fr\/\" target=\"_blank\" rel=\"nofollow noopener noreferrer\"><span class=\"s1\">Canva<\/span><\/a><\/span>\u00a0(site web de conception de supports visuels) et d\u00e9velopper votre cr\u00e9ativit\u00e9.<\/p>\n<p>&nbsp;<\/p>\n<p class=\"p1\">Deux th\u00e9matiques vous sont propos\u00e9es :<\/p>\n<p class=\"p1\">\n<p class=\"p1\"><b><i>&gt; Conception graphique : R\u00e9aliser des supports de communication destin\u00e9s \u00e0 l\u2019impression.<\/i><\/b><\/p>\n<p class=\"p1\"><b><i>&gt; Conception audiovisuelle : \u00c9laborer des supports anim\u00e9s combinant vid\u00e9os, images, textes et musiques pour un affichage sur \u00e9cran.<\/i><\/b><\/p>\n<p class=\"p1\">\n<p class=\"p1\">Cet atelier aborde \u00e9galement l\u2019int\u00e9gration de l\u2019<span id=\"OBJ_PREFIX_DWT3038_com_zimbra_url\" class=\"Object\" role=\"link\"><a href=\"https:\/\/www.info.gouv.fr\/actualite\/ia-generatives-comment-bien-les-utiliser\" target=\"_blank\" rel=\"nofollow noopener noreferrer\"><span class=\"s1\">Intelligence artificielle g\u00e9n\u00e9rative<\/span><\/a><\/span> pour la production d\u2019images et de musiques et d\u2019autres outils en ligne :<\/p>\n<p class=\"p1\"><span class=\"s1\"><span id=\"OBJ_PREFIX_DWT3039_com_zimbra_url\" class=\"Object\" role=\"link\"><a href=\"https:\/\/pixlr.com\/\" target=\"_blank\" rel=\"nofollow noopener noreferrer\">Pixlr Editor<\/a><\/span><\/span>*, un \u00e9diteur gratuit de photographies en ligne con\u00e7u pour la retouche photo.<\/p>\n<p class=\"p1\"><span class=\"s1\"><span id=\"OBJ_PREFIX_DWT3040_com_zimbra_url\" class=\"Object\" role=\"link\"><a href=\"https:\/\/fr.freepik.com\/\" target=\"_blank\" rel=\"nofollow noopener noreferrer\">Freepik<\/a><\/span><\/span>,\u00a0<span id=\"OBJ_PREFIX_DWT3041_com_zimbra_url\" class=\"Object\" role=\"link\"><a href=\"https:\/\/pixabay.com\/fr\/\" target=\"_blank\" rel=\"nofollow noopener noreferrer\"><span class=\"s1\">Pixabay<\/span><\/a><\/span>\u00a0et\u00a0<span id=\"OBJ_PREFIX_DWT3042_com_zimbra_url\" class=\"Object\" role=\"link\"><a href=\"https:\/\/www.dafont.com\/fr\/\" target=\"_blank\" rel=\"nofollow noopener noreferrer\"><span class=\"s1\">Dafont<\/span><\/a><\/span>, des sites web de bases images et polices.<\/p>\n<p>*(A partir d\u2019un fichier, de l\u2019URL d\u2019une image ou d\u2019une Webcam, ce site propose des outils d\u00e9di\u00e9s \u00e0 la retouche d\u2019images, de photos et d\u2019illustration).<\/p>\n<p class=\"p1\">\n<p class=\"p1\"><img fetchpriority=\"high\" decoding=\"async\" class=\"wp-image-4881 alignleft\" src=\"https:\/\/www.smiden.fr\/site\/wp-content\/uploads\/2025\/08\/exemple-canva.jpg\" alt=\"\" width=\"435\" height=\"324\" srcset=\"https:\/\/www.smiden.fr\/site\/wp-content\/uploads\/2025\/08\/exemple-canva.jpg 1376w, https:\/\/www.smiden.fr\/site\/wp-content\/uploads\/2025\/08\/exemple-canva-300x223.jpg 300w, https:\/\/www.smiden.fr\/site\/wp-content\/uploads\/2025\/08\/exemple-canva-1024x762.jpg 1024w, https:\/\/www.smiden.fr\/site\/wp-content\/uploads\/2025\/08\/exemple-canva-768x572.jpg 768w, https:\/\/www.smiden.fr\/site\/wp-content\/uploads\/2025\/08\/exemple-canva-1320x982.jpg 1320w\" sizes=\"(max-width: 435px) 100vw, 435px\" \/><\/p>\n<p>&nbsp;<\/p>\n<p class=\"p1\">&lt; exemple de r\u00e9alisation<\/p>\n<p>&nbsp;<\/p>\n<p class=\"p1\">\n<p><b>Prenez rendez-vous d\u00e8s maintenant via notre\u00a0<\/b><span id=\"OBJ_PREFIX_DWT3043_com_zimbra_url\" class=\"Object\" role=\"link\"><a href=\"https:\/\/www.smiden.fr\/site\/index.php\/contactez-nous\/\" target=\"_blank\" rel=\"nofollow noopener noreferrer\"><span class=\"s1\"><b>formulaire d&rsquo;inscription.<\/b><\/span><\/a><\/span><\/p>\n","protected":false},"excerpt":{"rendered":"<p>Ces ateliers sont destin\u00e9s \u00e0 vous faire d\u00e9couvrir les astuces de l\u2019outil Canva\u00a0(site web de conception de supports visuels) et d\u00e9velopper votre cr\u00e9ativit\u00e9. &nbsp; Deux th\u00e9matiques vous sont propos\u00e9es : &gt; Conception graphique : R\u00e9aliser des supports de communication destin\u00e9s \u00e0 l\u2019impression. &gt; Conception audiovisuelle : \u00c9laborer des supports anim\u00e9s [&hellip;]<\/p>\n","protected":false},"author":1,"featured_media":0,"parent":666,"menu_order":0,"comment_status":"closed","ping_status":"closed","template":"","meta":{"_uag_custom_page_level_css":"","footnotes":""},"class_list":["post-2474","page","type-page","status-publish","hentry","post"],"uagb_featured_image_src":{"full":false,"thumbnail":false,"medium":false,"medium_large":false,"large":false,"1536x1536":false,"2048x2048":false,"post-thumbnail":false,"vantage-thumbnail-no-sidebar":false,"vantage-slide":false,"vantage-carousel":false,"vantage-grid-loop":false,"mailpoet_newsletter_max":false,"sow-carousel-default":false},"uagb_author_info":{"display_name":"avallienne","author_link":"https:\/\/www.smiden.fr\/site\/index.php\/author\/avallienne\/"},"uagb_comment_info":0,"uagb_excerpt":"Ces ateliers sont destin\u00e9s \u00e0 vous faire d\u00e9couvrir les astuces de l\u2019outil Canva\u00a0(site web de conception de supports visuels) et d\u00e9velopper votre cr\u00e9ativit\u00e9. &nbsp; Deux th\u00e9matiques vous sont propos\u00e9es : &gt; Conception graphique : R\u00e9aliser des supports de communication destin\u00e9s \u00e0 l\u2019impression. &gt; Conception audiovisuelle : \u00c9laborer des supports anim\u00e9s [&hellip;]","_links":{"self":[{"href":"https:\/\/www.smiden.fr\/site\/index.php\/wp-json\/wp\/v2\/pages\/2474","targetHints":{"allow":["GET"]}}],"collection":[{"href":"https:\/\/www.smiden.fr\/site\/index.php\/wp-json\/wp\/v2\/pages"}],"about":[{"href":"https:\/\/www.smiden.fr\/site\/index.php\/wp-json\/wp\/v2\/types\/page"}],"author":[{"embeddable":true,"href":"https:\/\/www.smiden.fr\/site\/index.php\/wp-json\/wp\/v2\/users\/1"}],"replies":[{"embeddable":true,"href":"https:\/\/www.smiden.fr\/site\/index.php\/wp-json\/wp\/v2\/comments?post=2474"}],"version-history":[{"count":10,"href":"https:\/\/www.smiden.fr\/site\/index.php\/wp-json\/wp\/v2\/pages\/2474\/revisions"}],"predecessor-version":[{"id":4882,"href":"https:\/\/www.smiden.fr\/site\/index.php\/wp-json\/wp\/v2\/pages\/2474\/revisions\/4882"}],"up":[{"embeddable":true,"href":"https:\/\/www.smiden.fr\/site\/index.php\/wp-json\/wp\/v2\/pages\/666"}],"wp:attachment":[{"href":"https:\/\/www.smiden.fr\/site\/index.php\/wp-json\/wp\/v2\/media?parent=2474"}],"curies":[{"name":"wp","href":"https:\/\/api.w.org\/{rel}","templated":true}]}}