{"id":1232,"date":"2017-03-20T11:19:23","date_gmt":"2017-03-20T10:19:23","guid":{"rendered":"http:\/\/www.smiden.fr\/site\/?page_id=1232"},"modified":"2024-05-02T09:46:15","modified_gmt":"2024-05-02T07:46:15","slug":"coordonnees","status":"publish","type":"page","link":"https:\/\/www.smiden.fr\/site\/index.php\/coordonnees\/","title":{"rendered":"Coordonn\u00e9es"},"content":{"rendered":"<aside id=\"text-2\" class=\"widget widget_text\">\n<p class=\"widget-title\"><strong><span style=\"color: #000000;\">SMiDeN &amp; Cybercentre (si\u00e8ge)<br \/>\n<\/span><\/strong>H\u00f4tel communautaire du Sud-Est du Pays Manceau<br \/>\n1, rue des Ecoles &#8211; 72250 PARIGNE L&rsquo;EVEQUE<br \/>\nCybercentre : <span style=\"color: #ff9900;\"><strong>02 72 88 00 80<\/strong><\/span><br \/>\nAccueil CdC : <strong><span style=\"color: #ff9900;\">02 43 40 09 98<\/span><\/strong><\/p>\n<p class=\"widget-title\"><strong><span style=\"color: #000000;\">SMiDeN &amp; Cybercentre (antenne)<br \/>\n<\/span><\/strong>H\u00f4tel communautaire de l&rsquo;Or\u00e9e de Berc\u00e9e-Belinois<br \/>\n1, rue Sainte Anne &#8211; 72220 ECOMMOY<br \/>\nCybercentre : <span style=\"color: #ff9900;\"><strong>02 72 88 00 80<br \/>\n<\/strong><\/span>Accueil CdC : <span style=\"color: #ff9900;\"><strong>02 43 47 02 20<br \/>\n<\/strong><\/span><a href=\"mailto:contact@smiden.fr\">contact@smiden.fr<\/a><\/p>\n<\/aside>\n","protected":false},"excerpt":{"rendered":"<p>SMiDeN &amp; Cybercentre (si\u00e8ge) H\u00f4tel communautaire du Sud-Est du Pays Manceau 1, rue des Ecoles &#8211; 72250 PARIGNE L&rsquo;EVEQUE Cybercentre : 02 72 88 00 80 Accueil CdC : 02 43 40 09 98 SMiDeN &amp; Cybercentre (antenne) H\u00f4tel communautaire de l&rsquo;Or\u00e9e de Berc\u00e9e-Belinois 1, rue Sainte Anne &#8211; 72220 [&hellip;]<\/p>\n","protected":false},"author":1,"featured_media":0,"parent":0,"menu_order":0,"comment_status":"closed","ping_status":"closed","template":"templates\/template-full-notitle.php","meta":{"_uag_custom_page_level_css":"","footnotes":""},"class_list":["post-1232","page","type-page","status-publish","hentry","post"],"uagb_featured_image_src":{"full":false,"thumbnail":false,"medium":false,"medium_large":false,"large":false,"1536x1536":false,"2048x2048":false,"post-thumbnail":false,"vantage-thumbnail-no-sidebar":false,"vantage-slide":false,"vantage-carousel":false,"vantage-grid-loop":false,"mailpoet_newsletter_max":false,"sow-carousel-default":false},"uagb_author_info":{"display_name":"avallienne","author_link":"https:\/\/www.smiden.fr\/site\/index.php\/author\/avallienne\/"},"uagb_comment_info":0,"uagb_excerpt":"SMiDeN &amp; Cybercentre (si\u00e8ge) H\u00f4tel communautaire du Sud-Est du Pays Manceau 1, rue des Ecoles &#8211; 72250 PARIGNE L&rsquo;EVEQUE Cybercentre : 02 72 88 00 80 Accueil CdC : 02 43 40 09 98 SMiDeN &amp; Cybercentre (antenne) H\u00f4tel communautaire de l&rsquo;Or\u00e9e de Berc\u00e9e-Belinois 1, rue Sainte Anne &#8211; 72220 [&hellip;]","_links":{"self":[{"href":"https:\/\/www.smiden.fr\/site\/index.php\/wp-json\/wp\/v2\/pages\/1232","targetHints":{"allow":["GET"]}}],"collection":[{"href":"https:\/\/www.smiden.fr\/site\/index.php\/wp-json\/wp\/v2\/pages"}],"about":[{"href":"https:\/\/www.smiden.fr\/site\/index.php\/wp-json\/wp\/v2\/types\/page"}],"author":[{"embeddable":true,"href":"https:\/\/www.smiden.fr\/site\/index.php\/wp-json\/wp\/v2\/users\/1"}],"replies":[{"embeddable":true,"href":"https:\/\/www.smiden.fr\/site\/index.php\/wp-json\/wp\/v2\/comments?post=1232"}],"version-history":[{"count":8,"href":"https:\/\/www.smiden.fr\/site\/index.php\/wp-json\/wp\/v2\/pages\/1232\/revisions"}],"predecessor-version":[{"id":4640,"href":"https:\/\/www.smiden.fr\/site\/index.php\/wp-json\/wp\/v2\/pages\/1232\/revisions\/4640"}],"wp:attachment":[{"href":"https:\/\/www.smiden.fr\/site\/index.php\/wp-json\/wp\/v2\/media?parent=1232"}],"curies":[{"name":"wp","href":"https:\/\/api.w.org\/{rel}","templated":true}]}}