{"id":123,"date":"2016-09-28T16:06:19","date_gmt":"2016-09-28T14:06:19","guid":{"rendered":"http:\/\/10.0.0.21\/?page_id=123"},"modified":"2025-07-11T12:12:21","modified_gmt":"2025-07-11T10:12:21","slug":"cdc-sud-est-du-pays-manceau","status":"publish","type":"page","link":"https:\/\/www.smiden.fr\/site\/index.php\/cdc-sud-est-du-pays-manceau\/","title":{"rendered":"CdC Sud-Est du Pays Manceau"},"content":{"rendered":"<p style=\"text-align: justify;\"><strong><img decoding=\"async\" class=\"wp-image-4870  alignleft\" src=\"https:\/\/www.smiden.fr\/site\/wp-content\/uploads\/2025\/07\/logo_constellation_couleur_rvb.png\" alt=\"\" width=\"163\" height=\"83\" srcset=\"https:\/\/www.smiden.fr\/site\/wp-content\/uploads\/2025\/07\/logo_constellation_couleur_rvb.png 13757w, https:\/\/www.smiden.fr\/site\/wp-content\/uploads\/2025\/07\/logo_constellation_couleur_rvb-300x154.png 300w, https:\/\/www.smiden.fr\/site\/wp-content\/uploads\/2025\/07\/logo_constellation_couleur_rvb-1024x525.png 1024w, https:\/\/www.smiden.fr\/site\/wp-content\/uploads\/2025\/07\/logo_constellation_couleur_rvb-768x394.png 768w, https:\/\/www.smiden.fr\/site\/wp-content\/uploads\/2025\/07\/logo_constellation_couleur_rvb-1536x787.png 1536w, https:\/\/www.smiden.fr\/site\/wp-content\/uploads\/2025\/07\/logo_constellation_couleur_rvb-2048x1050.png 2048w, https:\/\/www.smiden.fr\/site\/wp-content\/uploads\/2025\/07\/logo_constellation_couleur_rvb-960x480.png 960w, https:\/\/www.smiden.fr\/site\/wp-content\/uploads\/2025\/07\/logo_constellation_couleur_rvb-1320x676.png 1320w\" sizes=\"(max-width: 163px) 100vw, 163px\" \/><\/strong>La Communaut\u00e9 de Communes du Sud-Est du Pays Manceau a \u00e9t\u00e9 cr\u00e9\u00e9e le 28 d\u00e9cembre 1993 regroupant 5 communes autour de projets communs.<\/p>\n<p>&nbsp;<\/p>\n<p style=\"text-align: justify;\">\n\u00c9tablissement public de coop\u00e9ration intercommunale (EPCI), elle d\u00e9veloppe et am\u00e9nage son territoire en associant ses communes membres dans des actions qu&rsquo;elles ne pourraient conduire seules et regroupe pr\u00e8s de 16 000 habitants. Son si\u00e8ge est fix\u00e9 \u00e0 Parign\u00e9-l&rsquo;Ev\u00eaque.<\/p>\n<p>&nbsp;<\/p>\n<p><strong>Les domaines d&rsquo;intervention :<\/strong><br \/>\n<span style=\"color: #ff9900;\"><strong>&gt;<\/strong><\/span> Am\u00e9nagement de l&rsquo;espace et d\u00e9veloppement \u00e9conomique.<br \/>\n<span style=\"color: #ff9900;\"><strong>&gt;<\/strong><\/span> Assainissement, \u00e9limination, valorisation des d\u00e9chets et \u00e9ducation \u00e0 l&rsquo;environnement.<br \/>\n<span style=\"color: #ff9900;\"><strong>&gt;<\/strong><\/span> Politique du logement et accueil des gens du voyage.<br \/>\n<span style=\"color: #ff9900;\"><strong>&gt;<\/strong><\/span> Transports et cr\u00e9ation, am\u00e9nagement et entretien de la voirie.<br \/>\n<span style=\"color: #ff9900;\"><strong>&gt;<\/strong><\/span> Equipements culturels, sportifs et scolaires.<br \/>\n<span style=\"color: #ff9900;\"><strong>&gt;<\/strong><\/span> Nouvelles technologies et communications \u00e9lectroniques.<br \/>\n<span style=\"color: #ff9900;\"><strong>&gt;<\/strong><\/span> Service petite enfance et actions en faveur des personnes \u00e2g\u00e9es et handicap\u00e9es.<br \/>\n<span style=\"color: #ff9900;\"><strong>&gt;<\/strong><\/span> Enseignement musical.<\/p>\n<p>&nbsp;<\/p>\n<blockquote><p><strong>Contacts<\/strong><br \/>\nCommunaut\u00e9 de Communes du Sud-Est du Pays Manceau<br \/>\nBP15 &#8211; Rue des Ecoles &#8211; 72250 PARIGNE-L&rsquo;EVEQUE<br \/>\nT\u00e9l. 02 43 40 09 98<br \/>\nSite :\u00a0<a href=\"http:\/\/www.cc-sudestmanceau.fr\" target=\"_blank\" rel=\"noopener\">www.cc-sudestmanceau.fr<\/a><\/p><\/blockquote>\n<p>&nbsp;<\/p>\n<p><span style=\"color: #000000;\"><strong>Listes\u00a0des communes du territoire :<\/strong><\/span><\/p>\n<div><span style=\"font-size: 12pt; color: #000000;\">Brette-les-Pins :\u00a0<\/span><span style=\"font-size: 12pt; color: #000000;\"><span style=\"font-family: arial, sans-serif; font-style: normal; font-variant-ligatures: normal; font-variant-caps: normal; font-weight: normal; letter-spacing: normal; orphans: 2; text-align: left; text-indent: 0px; text-transform: none; white-space: nowrap; widows: 2; word-spacing: 0px; -webkit-text-stroke-width: 0px; background-color: #ffffff; float: none; display: inline !important;\"><a href=\"http:\/\/brettelespins.fr\/\" target=\"_blank\" rel=\"noopener\">brettelespins.fr<\/a><br \/>\n<\/span><\/span><span style=\"font-size: 12pt; color: #000000;\">Challes : <a href=\"http:\/\/www.mairiedechalles.fr\/\" target=\"_blank\" rel=\"noopener\">www.mairiedechalles.fr<\/a><\/span><span style=\"font-size: 12pt; color: #000000;\"><span style=\"font-family: arial, sans-serif; font-style: normal; font-variant-ligatures: normal; font-variant-caps: normal; font-weight: normal; letter-spacing: normal; orphans: 2; text-align: left; text-indent: 0px; text-transform: none; white-space: nowrap; widows: 2; word-spacing: 0px; -webkit-text-stroke-width: 0px; background-color: #ffffff; float: none; display: inline !important;\"><br \/>\n<\/span><\/span><span style=\"font-size: 12pt; color: #000000;\">Chang\u00e9 : <a href=\"http:\/\/www.ville-change.fr\/\" target=\"_blank\" rel=\"noopener\">www.ville-change.fr<\/a><\/span><span style=\"font-size: 12pt; color: #000000;\"><span style=\"font-family: arial, sans-serif; font-style: normal; font-variant-ligatures: normal; font-variant-caps: normal; font-weight: normal; letter-spacing: normal; orphans: 2; text-align: left; text-indent: 0px; text-transform: none; white-space: nowrap; widows: 2; word-spacing: 0px; -webkit-text-stroke-width: 0px; background-color: #ffffff; float: none; display: inline !important;\"><br \/>\n<\/span><\/span><span style=\"font-size: 12pt; color: #000000;\">Parign\u00e9-l\u2019\u00c9v\u00eaque : <a href=\"http:\/\/www.parigneleveque.fr\/\" target=\"_blank\" rel=\"noopener\">www.parigneleveque.fr<\/a><\/span><span style=\"font-size: 12pt; color: #000000;\"><span style=\"font-family: arial, sans-serif; font-style: normal; font-variant-ligatures: normal; font-variant-caps: normal; font-weight: normal; letter-spacing: normal; orphans: 2; text-align: left; text-indent: 0px; text-transform: none; white-space: nowrap; widows: 2; word-spacing: 0px; -webkit-text-stroke-width: 0px; background-color: #ffffff; float: none; display: inline !important;\"><br \/>\n<\/span><\/span><span style=\"font-size: 12pt; color: #000000;\">Saint-Mars-d\u2019Outill\u00e9 : <a href=\"http:\/\/www.stmarsdoutille.fr\/\" target=\"_blank\" rel=\"noopener\">www.stmarsdoutille.fr<\/a><\/span><\/div>\n","protected":false},"excerpt":{"rendered":"<p>La Communaut\u00e9 de Communes du Sud-Est du Pays Manceau a \u00e9t\u00e9 cr\u00e9\u00e9e le 28 d\u00e9cembre 1993 regroupant 5 communes autour de projets communs. &nbsp; \u00c9tablissement public de coop\u00e9ration intercommunale (EPCI), elle d\u00e9veloppe et am\u00e9nage son territoire en associant ses communes membres dans des actions qu&rsquo;elles ne pourraient conduire seules et [&hellip;]<\/p>\n","protected":false},"author":1,"featured_media":0,"parent":0,"menu_order":0,"comment_status":"closed","ping_status":"closed","template":"","meta":{"_uag_custom_page_level_css":"","footnotes":""},"class_list":["post-123","page","type-page","status-publish","hentry","post"],"uagb_featured_image_src":{"full":false,"thumbnail":false,"medium":false,"medium_large":false,"large":false,"1536x1536":false,"2048x2048":false,"post-thumbnail":false,"vantage-thumbnail-no-sidebar":false,"vantage-slide":false,"vantage-carousel":false,"vantage-grid-loop":false,"mailpoet_newsletter_max":false,"sow-carousel-default":false},"uagb_author_info":{"display_name":"avallienne","author_link":"https:\/\/www.smiden.fr\/site\/index.php\/author\/avallienne\/"},"uagb_comment_info":0,"uagb_excerpt":"La Communaut\u00e9 de Communes du Sud-Est du Pays Manceau a \u00e9t\u00e9 cr\u00e9\u00e9e le 28 d\u00e9cembre 1993 regroupant 5 communes autour de projets communs. &nbsp; \u00c9tablissement public de coop\u00e9ration intercommunale (EPCI), elle d\u00e9veloppe et am\u00e9nage son territoire en associant ses communes membres dans des actions qu&rsquo;elles ne pourraient conduire seules et [&hellip;]","_links":{"self":[{"href":"https:\/\/www.smiden.fr\/site\/index.php\/wp-json\/wp\/v2\/pages\/123","targetHints":{"allow":["GET"]}}],"collection":[{"href":"https:\/\/www.smiden.fr\/site\/index.php\/wp-json\/wp\/v2\/pages"}],"about":[{"href":"https:\/\/www.smiden.fr\/site\/index.php\/wp-json\/wp\/v2\/types\/page"}],"author":[{"embeddable":true,"href":"https:\/\/www.smiden.fr\/site\/index.php\/wp-json\/wp\/v2\/users\/1"}],"replies":[{"embeddable":true,"href":"https:\/\/www.smiden.fr\/site\/index.php\/wp-json\/wp\/v2\/comments?post=123"}],"version-history":[{"count":12,"href":"https:\/\/www.smiden.fr\/site\/index.php\/wp-json\/wp\/v2\/pages\/123\/revisions"}],"predecessor-version":[{"id":1477,"href":"https:\/\/www.smiden.fr\/site\/index.php\/wp-json\/wp\/v2\/pages\/123\/revisions\/1477"}],"wp:attachment":[{"href":"https:\/\/www.smiden.fr\/site\/index.php\/wp-json\/wp\/v2\/media?parent=123"}],"curies":[{"name":"wp","href":"https:\/\/api.w.org\/{rel}","templated":true}]}}